e prime factors of 258801.
3, 281, 307
What are the prime factors of 1003181?
19, 37, 1427
List the prime factors of 135198.
2, 3, 7, 29, 37
List the prime factors of 11918930.
2, 5, 239, 4987
What are the prime factors of 2082139?
151, 13789
What are the prime factors of 1107328?
2, 41, 211
What are the prime factors of 867412?
2, 7, 13, 2383
List the prime factors of 1043948.
2, 260987
What are the prime factors of 238778?
2, 119389
What are the prime factors of 970469?
970469
What are the prime factors of 2197236?
2, 3, 19, 23, 419
What are the prime factors of 2454735?
3, 5, 31, 5279
List the prime factors of 2242386.
2, 3, 124577
List the prime factors of 3950227.
23, 41, 59, 71
What are the prime factors of 864464?
2, 97, 557
List the prime factors of 1467862.
2, 11, 66721
List the prime factors of 8907336.
2, 3, 193, 641
What are the prime factors of 3321244?
2, 830311
What are the prime factors of 701371?
11, 63761
List the prime factors of 22887.
3, 2543
List the prime factors of 943411.
7, 307, 439
List the prime factors of 1196080.
2, 5, 14951
List the prime factors of 605136.
2, 3, 7, 1801
List the prime factors of 1669531.
191, 8741
What are the prime factors of 560168?
2, 7, 1429
List the prime factors of 11155647.
3, 3718549
List the prime factors of 570344.
2, 71293
List the prime factors of 121134.
2, 3, 13, 1553
List the prime factors of 13638726.
2, 3, 17, 83, 179
List the prime factors of 13966205.
5, 11, 37, 6863
What are the prime factors of 5640353?
43, 131171
List the prime factors of 810461.
79, 10259
List the prime factors of 290178.
2, 3, 7, 47
List the prime factors of 8819418.
2, 3, 653, 2251
List the prime factors of 5261545.
5, 1052309
List the prime factors of 209091.
3, 69697
List the prime factors of 967183.
7, 233, 593
What are the prime factors of 476282?
2, 238141
List the prime factors of 7710425.
5, 179, 1723
What are the prime factors of 450315?
3, 5, 10007
What are the prime factors of 540153?
3, 60017
What are the prime factors of 7803495?
3, 5, 7, 3539
What are the prime factors of 10581278?
2, 313, 16903
List the prime factors of 54712.
2, 7, 977
List the prime factors of 82072.
2, 10259
What are the prime factors of 500902?
2, 250451
List the prime factors of 6379889.
577, 11057
What are the prime factors of 577198?
2, 41, 7039
What are the prime factors of 7139539?
11, 29, 22381
What are the prime factors of 8628619?
103, 83773
What are the prime factors of 2639184?
2, 3, 54983
What are the prime factors of 4323868?
2, 19, 56893
List the prime factors of 593096.
2, 7, 17, 89
What are the prime factors of 1299822?
2, 3, 23, 9419
What are the prime factors of 770731?
13, 101, 587
List the prime factors of 2977332.
2, 3, 227, 1093
List the prime factors of 4676114.
2, 107, 21851
List the prime factors of 1288095.
3, 5, 79, 1087
What are the prime factors of 2048363?
293, 6991
What are the prime factors of 5277346?
2, 2638673
What are the prime factors of 207062?
2, 19, 5449
List the prime factors of 7396025.
5, 7, 13, 3251
What are the prime factors of 2422798?
2, 7, 61, 2837
List the prime factors of 171442.
2, 23, 3727
List the prime factors of 158434.
2, 37, 2141
What are the prime factors of 34478?
2, 17239
What are the prime factors of 13506605?
5, 7, 29, 1901
What are the prime factors of 8126996?
2, 2031749
What are the prime factors of 12225747?
3, 101, 157, 257
What are the prime factors of 14624674?
2, 73, 100169
What are the prime factors of 416517?
3, 17, 8167
What are the prime factors of 2339588?
2, 584897
List the prime factors of 223902.
2, 3, 7, 1777
List the prime factors of 1892187.
3, 11, 23, 277
List the prime factors of 585199.
585199
List the prime factors of 1781494.
2, 11, 13, 6229
What are the prime factors of 165781?
7, 11, 2153
List the prime factors of 1905344.
2, 7, 4253
List the prime factors of 13646561.
2833, 4817
What are the prime factors of 184685?
5, 43, 859
List the prime factors of 245988.
2, 3, 6833
List the prime factors of 1605675.
3, 5, 79, 271
What are the prime factors of 200951?
23, 8737
List the prime factors of 864945.
3, 5, 43, 149
What are the prime factors of 916617?
3, 13, 19, 1237
What are the prime factors of 1827563?
1827563
What are the prime factors of 68894?
2, 7, 19, 37
List the prime factors of 3431065.
5, 11, 62383
List the prime factors of 22118246.
2, 11059123
List the prime factors of 301616.
2, 7, 2693
List the prime factors of 68564.
2, 61, 281
What are the prime factors of 149080?
2, 5, 3727
What are the prime factors of 6593239?
1543, 4273
What are the prime factors of 201069?
3, 11, 677
List the prime factors of 1470282.
2, 3, 11, 22277
List the prime factors of 50708.
2, 7, 1811
List the prime factors of 683269.
29, 23561
What are the prime factors of 911209?
13, 29, 2417
What are the prime factors of 4825908?
2, 3, 134053
List the prime factors of 33469153.
33469153
What are the prime factors of 284636?
2, 11, 6469
List the prime factors of 1105426.
2, 7, 23, 3433
List the prime factors of 28315606.
2, 11, 479, 2687
What are the prime factors of 981587?
981587
List the prime factors of 307942.
2, 79, 1949
What are the prime factors of 7358829?
3, 347, 7069
What are the prime factors of 15621?
3, 41, 127
List the prime factors of 107675.
5, 59, 73
What are the prime factors of 1252481?
29, 43189
What are the prime factors of 2600022?
2, 3, 433337
What are the prime factors of 2341867?
11, 212897
What are the prime factors of 300780?
2, 3, 5, 557
What are the prime factors of 338504?
2, 17, 19, 131
What are the prime factors of 20550036?
2, 3, 13, 131731
What are the prime factors of 1949288?
2, 11, 17, 1303
List the prime factors of 2797571.
7, 17, 23509
What are the prime factors of 5996396?
2, 7, 331, 647
What are the prime factors of 172101?
3, 57367
What are the prime factors of 9880402?
2, 7, 227, 3109
What are the prime factors of 2634665?
5, 11, 47903
What are the prime factors of 46404?
2, 3, 1289
List the prime factors of 10820195.
5, 2164039
List the prime factors of 614825.
5, 24593
What are the prime factors of 1239422?
2, 619711
List the prime factors of 2288712.
2, 3, 47, 2029
What are the prime factors of 7465602?
2, 3, 211, 5897
List the prime factors of 14296074.
2, 3, 13, 183283
What are the prime factors of 8670980?
2, 5, 433549
What are the prime factors of 366403?
43, 8521
What are the prime factors of 164696?
2, 7, 17, 173
What are the prime factors of 80735?
5, 67, 241
What are the prime factors of 904836?
2, 3, 75403
What are the prime factors of 1943886?
2, 3, 7, 31, 1493
List the prime factors of 260554.
2, 7, 37, 503
List the prime factors of 1051790.
2, 5, 17, 23, 269
List the prime factors of 221097.
3, 73699
What are the prime factors of 1778389?
439, 4051
List the prime factors of 1125584.
2, 103, 683
What are the prime factors of 89262?
2, 3, 19, 29
List the prime factors of 8202154.
2, 769, 5333
List the prime factors of 832933.
832933
List the prime factors of 459834.
2, 3, 173, 443
List the prime factors of 32584.
2, 4073
What are the prime factors of 1332517?
1332517
What are the prime factors of 17875723?
17875723
List the prime factors of 46030.
2, 5, 4603
What are the prime factors of 216287?
31, 6977
List the prime factors of 19521321.
3, 17, 29, 67, 197
List the prime factors of 12986429.
47, 83, 3329
List the prime factors of 45927.
3, 7
What are the prime factors of 437381?
7, 62483
List the prime factors of 7416632.
2, 67, 101, 137
What are the prime factors of 2663446?
2, 23, 57901
What are the prime factors of 1874346?
2, 3, 37, 8443
What are the prime factors of 621128?
2, 77641
List the prime factors of 218462.
2, 19, 5749
What are the prime factors of 37952684?
2, 7, 11, 149, 827
What are the prime factors of 13668374?
2, 17, 73, 5507
What are the prime factors of 493225?
5, 109, 181
List the prime factors of 579132.
2, 3, 16087
What are the prime factors of 1229704?
2, 7, 3137
What are the prime factors of 34059?
3, 11353
List the prime factors of 10984270.
2, 5, 11, 61, 1637
List the prime factors of 3152627.
3152627
List the prime factors of 2721211.
31, 41, 2141
List the prime factors of 3135538.
2, 7, 29, 7723
List the prime factors of 188644.
2, 47161
List the prime factors